2
Let s(d) = -d**3 - 8*d**2 - 27*d - 138. What is s(-7)?
2
Let r(p) = 6*p - 26. Calculate r(3).
-8
Let q(h) = -8*h - 6. Give q(-4).
26
Let g(i) = -i**2 + 12*i. Calculate g(11).
11
Let k(n) = 18*n + 3. Calculate k(1).
21
Let x(y) = y**3 - 8*y**2 + 9*y - 1. What is x(4)?
-29
Let k(c) = c**2 - 9*c + 9. What is k(7)?
-5
Let y(m) = m**3 + 6*m**2 - 7*m - 4. Give y(-7).
-4
Let v(b) = -8*b + 75. What is v(13)?
-29
Let k(g) = -g**2 + 1. What is k(1)?
0
Let z(g) = g**2 - 31. What is z(-8)?
33
Let d(n) = 3*n**2 - 3*n - 4. Give d(3).
14
Let a(l) = -14*l - 157. Give a(-10).
-17
Let i(c) = -c**2 - 24*c - 132. Calculate i(-10).
8
Let q(f) = f**3 + 19*f**2 + 67*f - 3. Determine q(-5).
12
Let o(w) = 2*w - 23. Give o(7).
-9
Let x(k) = -k**3 + 9*k**2 - 18*k + 165. Determine x(9).
3
Let c(q) = -q**2 + 18*q - 3. What is c(0)?
-3
Let b(d) = -d - 44. Give b(14).
-58
Let w(m) = -2*m - 25. Give w(-14).
3
Let s(l) = -l - 21. Give s(-12).
-9
Let b(n) = 13*n - 89. Give b(8).
15
Let s(r) = -2*r**3 - 4*r**2 - 4*r - 2. What is s(-2)?
6
Let z(m) = -m**2 - 7*m. Give z(-7).
0
Let n(j) = 2*j**3 - 5*j**2 + 2*j + 4. What is n(3)?
19
Let g(i) = 2*i - 29. What is g(12)?
-5
Let x(f) = 59*f + 2. What is x(-1)?
-57
Let h(u) = u - 3. What is h(-3)?
-6
Let h(z) = -z**2 + 7*z + 21. What is h(10)?
-9
Let t(i) = i**2 + i - 7. What is t(3)?
5
Let s(u) = 4*u**3 + 2*u**2 - 3*u + 1. What is s(2)?
35
Let x(t) = -3*t**2 - 5*t + 1. Give x(-5).
-49
Let w(c) = -10*c. What is w(-1)?
10
Let s(o) = -2*o**2 + 31*o + 3. Give s(16).
-13
Let l(v) = -7*v - 16. Determine l(-7).
33
Let t(b) = -5*b + 47. What is t(5)?
22
Let s(r) = -r**2 + 43*r + 132. What is s(-3)?
-6
Let q(p) = 5*p - 122. Determine q(23).
-7
Let c(d) = d**3 - 6*d**2 - 10*d + 3. Determine c(7).
-18
Let y(w) = -w**2 + 6*w + 3. Determine y(7).
-4
Let f(s) = -3*s**2 + s - 1. What is f(-4)?
-53
Let c(r) = -8*r - 5. Give c(-2).
11
Let k(t) = t**3 - 5*t**2 - 6*t - 6. Calculate k(6).
-6
Let h(c) = 15*c**2 + 36*c + 3. Determine h(-3).
30
Let r(u) = u**3 + 14*u**2 - 12*u - 22. Give r(-15).
-67
Let u(s) = -6*s**2 + 8*s + 12. Calculate u(-3).
-66
Let y(n) = 3*n**2 - 8*n - 6. Determine y(3).
-3
Let w(n) = 9*n - 37. Determine w(4).
-1
Let p(f) = -f**3 - 18*f**2 + 2*f + 25. Determine p(-18).
-11
Let f(z) = z**3 - z**2 + z + 3. Calculate f(0).
3
Let p(q) = 8*q**2 + 1. Calculate p(-1).
9
Let b(f) = -f**2 - 3*f + 4. Determine b(-3).
4
Let b(s) = -s**3 + 8*s**2 - 6*s - 5. What is b(6)?
31
Let f(i) = i**3 + 3*i**2 - 8*i + 7. Give f(-5).
-3
Let r(s) = 2*s**3 - 7*s**2 - 3*s + 9. Give r(4).
13
Let t(z) = -z - 31. Determine t(-10).
-21
Let q(o) = -6*o - 24. Give q(-3).
-6
Let b(h) = -3*h - 4. Give b(-3).
5
Let o(j) = j**3 + 2*j**2 - 3*j - 5. Give o(-3).
-5
Let i(x) = -23*x**2 + 12*x + 1. Calculate i(1).
-10
Let q(r) = 2*r**3 - 3*r**2 - 4*r. Give q(3).
15
Let m(i) = -i - 2. Give m(5).
-7
Let k(i) = 4*i - 10. Determine k(7).
18
Let s(p) = -p**3 + 16*p**2 - 2*p + 30. What is s(16)?
-2
Let n(b) = 6*b - 9. What is n(4)?
15
Let i(q) = q**2 + 15*q + 10. Give i(-15).
10
Let c(m) = m**3 - 12*m**2 + 7*m + 24. Determine c(10).
-106
Let g(l) = 36*l + 13. Give g(-2).
-59
Let b(u) = -u**3 - 8*u**2 - 9*u - 4. Calculate b(-7).
10
Let w(p) = 4*p - 5. Determine w(3).
7
Let d(n) = 3*n + 42. Give d(-13).
3
Let i(a) = -2*a**3 - 5*a + 7. What is i(4)?
-141
Let c(p) = p**3 + 5*p**2 - 3*p + 10. Calculate c(-6).
-8
Let u(l) = -l**3 + 8*l**2 - 13*l + 3. Calculate u(3).
9
Let t(w) = 12*w**3 - 1. Determine t(2).
95
Let r(m) = -4*m**3 + 3*m**2 - m - 3. Determine r(3).
-87
Let o(g) = -g**3 + 5*g**2 + 3*g - 6. What is o(4)?
22
Let k(f) = 8*f + 50. Calculate k(-8).
-14
Let l(t) = 5*t + 2. Determine l(-2).
-8
Let j(w) = -w**2 - 6*w + 1. Give j(-4).
9
Let s(k) = -k**3 - 4*k**2 + 7*k - 2. Calculate s(-5).
-12
Let w(j) = -2*j**2 + 15*j - 13. Determine w(5).
12
Let u(j) = 3*j**2 + 7*j - 15. What is u(3)?
33
Let v(p) = -p**2 + 4*p + 4. Give v(-3).
-17
Let u(b) = b**2 + 24*b + 47. Give u(-22).
3
Let r(s) = s**2 - 12*s - 24. Calculate r(14).
4
Let q(g) = 8*g + 36. Give q(-15).
-84
Let n(h) = -2*h - 2. Determine n(-10).
18
Let k(h) = 3*h**3 - 3*h**2 - 3*h - 1. Determine k(-2).
-31
Let t(y) = y**2 - y - 37. Give t(-5).
-7
Let h(j) = j - 6. Give h(8).
2
Let g(n) = n**3 + 5*n**2 - 20. Give g(-6).
-56
Let d(u) = u**3 + 54*u**2 + 106*u + 103. Calculate d(-52).
-1
Let i(t) = 181*t + 171. What is i(-1)?
-10
Let l(b) = -b - 6. Give l(0).
-6
Let y(k) = k**2 - 5. Give y(0).
-5
Let o(p) = -p - 47. Determine o(-30).
-17
Let v(w) = w**3 - 5*w**2 + 2*w - 9. What is v(5)?
1
Let y(k) = k**3 + k**2 + 4*k + 5. Give y(-3).
-25
Let d(o) = -11*o**2 - 373*o + 15. Calculate d(-34).
-19
Let v(f) = -f**3 + 11*f**2 - 9*f + 49. Calculate v(11).
-50
Let m(t) = t**3 + 14*t**2 - 14*t + 14. What is m(-15)?
-1
Let h(p) = 2*p**3 - 6*p**2 - 4*p + 16. Determine h(3).
4
Let g(w) = w**2 + 23*w - 109. Calculate g(-27).
-1
Let i(t) = t**2 + 11*t - 43. Give i(-15).
17
Let t(v) = -v - 23. What is t(11)?
-34
Let p(f) = 2*f + 12. Give p(-7).
-2
Let r(u) = u**2 + 46*u - 493. Give r(9).
2
Let l(x) = -4*x - 109. Determine l(-28).
3
Let w(z) = z**2 + 8*z - 8. Determine w(-10).
12
Let q(k) = -2*k**2 + 10*k + 6. What is q(6)?
-6
Let j(h) = 2*h**3 - 3*h**2 + 3*h - 4. What is j(4)?
88
Let o(g) = g**2 + 27*g - 74. Give o(-30).
16
Let v(b) = b**2 - 2*b - 60. Determine v(9).
3
Let n(b) = b**3 - 7*b**2 - 4*b - 35. What is n(8)?
-3
Let w(z) = 5*z - 169. Give w(29).
-24
Let z(u) = -u**2 - 14*u - 13. What is z(-14)?
-13
Let r(o) = -3*o**3 + 2*o**2 - 2*o + 1. What is r(1)?
-2
Let s(q) = -q**2 - 13*q - 5. Give s(-7).
37
Let d(r) = -r**3 - 11*r**2 + 10*r + 10. Determine d(-12).
34
Let b(q) = -4*q + 3. Give b(0).
3
Let x(f) = 4*f**3 + 4*f**2 - 4*f + 2. Give x(1).
6
Let z(w) = w**3 + 7*w**2 + 4*w + 9. Calculate z(-6).
21
Let n(r) = r**3 - 7*r**2 + 8*r - 1. Determine n(6).
11
Let a(t) = t**3 - 2*t**2 - 32*t - 19. Give a(7).
2
Let c(t) = -2*t + 2. Determine c(-3).
8
Let v(x) = x**3 + 6*x**2 + 7*x - 11. Determine v(-5).
-21
Let w(v) = v**2 + 8*v + 6. Determine w(-7).
-1
Let s(g) = -g**2 - 11*g + 6. Determine s(-8).
30
Let i(y) = 6*y + 22. Give i(-4).
-2
Let f(s) = -s**3 + 11*s**2 - 27*s - 16. What is f(5)?
-1
Let n(x) = -18*x - 352. Calculate n(-20).
8
Let o(n) = n**2 + 2*n + 1. Determine o(-1).
0
Let l(t) = t**3 + 11*t**2 - t - 7. Determine l(-11).
4
Let v(i) = -i**2 - 8*i + 20. Give v(-11).
-13
Let i(h) = h**2 - 2*h + 1. What is i(2)?
1
Let g(o) = o**3 - 9*o**2 - 10*o - 9. Determine g(10).
-9
Let h(b) = 2*b + 3. What is h(4)?
11
Let f(z) = 2*z + 25. What is f(-18)?
-11
Let a(n) = -n**2 - n + 12. Determine a(5).
-18
Let d(s) = -3*s**3 + s**2 - 1. What is d(-2)?
27
Let t(f) = -28*f - 8. What is t(1)?
-36
Let w(j) = -7*j + 1. Determine w(-3).
22
Let v(d) = -2*d**3 + 2*d**2 + 5*d - 2. Determine v(3).
-23
Let s(c) = c + 28. Give s(0).
28
Let u(i) = i - 16. Give u(13).
-3
Let a(g) = -7*g - 4. What is a(-2)?
10
Let o(m) = m**2 + 15*m + 34. Give o(-14).
20
Let c(j) = -j**3 + 4*j**2 + 6*j - 9. Determine c(5).
-4
Let g(c) = c**3 + 10*c**2 - 9*c - 6. Calculate g(-11).
-28
Let o(x) = -x**3 + 11*x**2 - 6*x - 14. Give o(10).
26
Let p(x) = x**2 + 2*x - 4. Calculate p(2).
4
Let o(w) = -w**2 + 14*w - 8. Determine o(14).
-8
Let y(c) = -42*c + 749. Calculate y(18).
-7
Let s(g) = 14*g + 15. What is s(-2)?
-13
Let x(q) = q**3 + 6*q**2 + 3*q + 14. What is x(-6)?
-4
Let p(u) = -5*u**3 + 3*u**2 + u - 2. What is p(2)?
-28
Let t(x) = -6*x - 10. Calculate t(-5).
20
Let s(n) = 2*n**3 - 34*n**2 + 3*n - 45. What is s(17)?
6
Let d(l) = 2*l - 1. Calculate d(12).
23
Let c(p) = -p**2 - 7*p - 7. What is c(-10)?
-37
Let b(m) = -m**2 - 23*m + 50. Determine b(-25).
0
Let z(t) = -t**2 + 7*t + 9. Calculate z(8).
1
Let l(z) = z**3 - 6*z**2 - 17*z + 15. What is l(8)?
7
Let x(p) = -2*p**2 + 12*p - 2. Calculate x(8).
-34
Let r(q) = q**3 - q**2 - 5*q + 3. Give r(3).
6
Let x(c) = 15*c - 4. Determine x(3).
41
Let g(b) = 94*b + 100. Give g(-1).
6
Let f(r) = -r**3 + 27*r**2 + 27*r + 24. Determine f(28).
-4
Let h(u) = -u**3 + 9*u**2 + 11*u - 10. Give h(10).
0
Let v(i) = 32*i**2 - 28*i - 27. Determine v(-1).
33
Let p(w) = -w**2 - 2*w + 9. What is p(-8)?
-39
Let t(d) = d**3 + 12*d**2 + 22*d + 1. Calculate t(-6).
85
Let r(a) = 3*a - 4. Determine r(-12).
-40
Let y(r) = r**2 + 3*r - 3. Give y(-3).
-3
Let u(z) = 5*z 